{"id":12,"date":"2024-04-01T10:50:29","date_gmt":"2024-04-01T10:50:29","guid":{"rendered":"http:\/\/inferro.com.tr\/?page_id=12"},"modified":"2024-04-01T10:50:29","modified_gmt":"2024-04-01T10:50:29","slug":"bize-ulasin","status":"publish","type":"page","link":"http:\/\/inferro.com.tr\/?page_id=12","title":{"rendered":"Bize ula\u015f\u0131n"},"content":{"rendered":"\n<p>Bu sayfada, adres ve telefon numaras\u0131 gibi temel ileti\u015fim bilgileri bulunur. Ayr\u0131ca bir ileti\u015fim formu eklemek i\u00e7in bir eklenti de deneyebilirsiniz.<\/p>\n","protected":false},"excerpt":{"rendered":"<p>Bu sayfada, adres ve telefon numaras\u0131 gibi temel ileti\u015fim bilgileri bulunur. Ayr\u0131ca bir ileti\u015fim formu eklemek i\u00e7in bir eklenti de deneyebilirsiniz.<\/p>\n","protected":false},"author":1,"featured_media":7,"parent":0,"menu_order":0,"comment_status":"closed","ping_status":"closed","template":"","meta":{"footnotes":""},"class_list":["post-12","page","type-page","status-publish","has-post-thumbnail","hentry"],"_links":{"self":[{"href":"http:\/\/inferro.com.tr\/index.php?rest_route=\/wp\/v2\/pages\/12","targetHints":{"allow":["GET"]}}],"collection":[{"href":"http:\/\/inferro.com.tr\/index.php?rest_route=\/wp\/v2\/pages"}],"about":[{"href":"http:\/\/inferro.com.tr\/index.php?rest_route=\/wp\/v2\/types\/page"}],"author":[{"embeddable":true,"href":"http:\/\/inferro.com.tr\/index.php?rest_route=\/wp\/v2\/users\/1"}],"replies":[{"embeddable":true,"href":"http:\/\/inferro.com.tr\/index.php?rest_route=%2Fwp%2Fv2%2Fcomments&post=12"}],"version-history":[{"count":1,"href":"http:\/\/inferro.com.tr\/index.php?rest_route=\/wp\/v2\/pages\/12\/revisions"}],"predecessor-version":[{"id":19,"href":"http:\/\/inferro.com.tr\/index.php?rest_route=\/wp\/v2\/pages\/12\/revisions\/19"}],"wp:featuredmedia":[{"embeddable":true,"href":"http:\/\/inferro.com.tr\/index.php?rest_route=\/wp\/v2\/media\/7"}],"wp:attachment":[{"href":"http:\/\/inferro.com.tr\/index.php?rest_route=%2Fwp%2Fv2%2Fmedia&parent=12"}],"curies":[{"name":"wp","href":"https:\/\/api.w.org\/{rel}","templated":true}]}}